5?
10440
In base 10, what is -1191 + 89?
-1102
In base 4, what is -20303121332 + 11?
-20303121321
In base 2, what is -1000011001 - 1001011?
-1001100100
In base 5, what is 321214 - -2?
321221
In base 5, what is 0 + -1012223?
-1012223
In base 7, what is 30 + -113201?
-113141
In base 11, what is 2 + -797?
-795
In base 9, what is 1 + 42253?
42254
In base 7, what is 111200 + 110?
111310
In base 13, what is -3 - 143849?
-14384c
In base 2, what is 11 - -10010100101010101111?
10010100101010110010
In base 6, what is 143 + 4323?
4510
In base 7, what is -1264 + 6153?
4556
In base 15, what is -2094 - -2?
-2092
In base 12, what is 402 + 261?
663
In base 16, what is 56 + 34?
8a
In base 16, what is -16730 - 8?
-16738
In base 12, what is -2270 + -7?
-2277
In base 3, what is -220211221102 - 12?
-220211221121
In base 4, what is 1101211222 + 13?
1101211301
In base 9, what is -562 + -184?
-756
In base 7, what is 52430 - -264?
53024
In base 15, what is 977c - 4?
9778
In base 3, what is 12 - 2210110121112?
-2210110121100
In base 16, what is -36 + -263?
-299
In base 11, what is 13278 - 5?
13273
In base 3, what is 12 - 202100221220?
-202100221201
In base 7, what is -202 - 16656?
-20161
In base 5, what is -24 + -12220?
-12244
In base 15, what is 137b - 92?
12d9
In base 9, what is -6 + 18815?
18808
In base 7, what is 6513 + 21?
6534
In base 10, what is 2846 + 27?
2873
In base 7, what is 10435 + 1?
10436
In base 10, what is -44 - -30947?
30903
In base 8, what is 14 + 452366?
452402
In base 16, what is -2 - 7f37?
-7f39
In base 5, what is 32302 + 1042?
33344
In base 9, what is -7 - -16868?
16861
In base 7, what is 1 - 153435?
-153434
In base 5, what is -32 - 202211?
-202243
In base 4, what is -2021303102 - 3?
-2021303111
In base 3, what is -2001101121012 - -2?
-2001101121010
In base 8, what is -4635 - 1744?
-6601
In base 8, what is 51 + 42361?
42432
In base 3, what is 101110002 - -1?
101110010
In base 3, what is -2202 - 212220?
-222122
In base 11, what is -2a646 - 9?
-2a654
In base 11, what is 4 + 78235?
78239
In base 16, what is -658 + -1c?
-674
In base 7, what is 1 - 132563?
-132562
In base 10, what is 5262 - 55?
5207
In base 6, what is -151415 + -345?
-152204
In base 2, what is -11110 - 100000100101111?
-100000101001101
In base 6, what is -2 - 1013432?
-1013434
In base 14, what is -1 - -65a?
659
In base 9, what is -1 + -131656?
-131657
In base 3, what is -12021 - 2021010201?
-2021022222
In base 3, what is 2221102 + 0?
2221102
In base 4, what is -230 + -11201231?
-11202121
In base 4, what is 11 - 1011311212?
-1011311201
In base 15, what is 47a2b - -1?
47a2c
In base 5, what is -32 - -11313?
11231
In base 2, what is -1001110011010100000 - 100?
-1001110011010100100
In base 14, what is d942d + 0?
d942d
In base 16, what is -1b4 - 2def?
-2fa3
In base 7, what is 10 + -10262?
-10252
In base 7, what is -1054 + -1300?
-2354
In base 16, what is 6e + -10a?
-9c
In base 8, what is 4 - -15336?
15342
In base 7, what is -1 - 55343?
-55344
In base 14, what is 79d - 58?
745
In base 8, what is -2252 - -1217?
-1033
In base 3, what is -200222012121221 - 11?
-200222012122002
In base 9, what is 4 - 208603?
-208588
In base 4, what is -10001213 - 0?
-10001213
In base 12, what is 3 - -1136b?
11372
In base 13, what is 5102 + 9?
510b
In base 4, what is 103223 - 100?
103123
In base 9, what is 5066 - 0?
5066
In base 2, what is 10101010101110011 - -10011?
10101010110000110
In base 12, what is -7b + -1002?
-1081
In base 9, what is 0 + 2638?
2638
In base 5, what is -114 + 3400213?
3400044
In base 12, what is -4 + -ab399?
-ab3a1
In base 9, what is 7368 - -27?
7406
In base 7, what is -62 + 23633?
23541
In base 9, what is 87187 - 13?
87174
In base 12, what is -25 - 671?
-696
In base 8, what is -6560 + -1531?
-10311
In base 4, what is 1023001 + -30?
1022311
In base 3, what is 1221 + 2102220?
2111211
In base 3, what is -2202022 + 111220?
-2020102
In base 5, what is -342 + 24143?
23301
In base 12, what is 136 - -14b5?
162b
In base 12, what is 3a6810 - 3?
3a6809
In base 16, what is 5 - -aa501?
aa506
In base 15, what is -2 + 421aa?
421a8
In base 10, what is 492 - -104?
596
In base 3, what is 10100 + -1001102010?
-1001021210
In base 6, what is 2501 + -43?
2414
In base 11, what is 5 + -16a362?
-16a358
In base 10, what is -3371 - -597?
-2774
In base 3, what is 22020201021110 - 0?
22020201021110
In base 5, what is 20 - 110330133?
-110330113
In base 3, what is -22001202 - 112110?
-22121012
In base 15, what is -3e7 - -71a?
323
In base 2, what is -101 - -10000111110101101011?
10000111110101100110
In base 9, what is 64 + 2666?
2741
In base 6, what is 1100133 + -2?
1100131
In base 8, what is -11 - 24527?
-24540
In base 6, what is 135122 - 30?
135052
In base 8, what is -1 - -47361?
47360
In base 8, what is 134 + -14004?
-13650
In base 11, what is -681a7 - -1?
-681a6
In base 7, what is -11433 - 5?
-11441
In base 12, what is -1 - -901?
900
In base 14, what is 1 + -c6c87?
-c6c86
In base 11, what is 8360 + -166?
81a5
In base 12, what is 3742 + -3?
373b
In base 14, what is 2 - 3?
-1
In base 11, what is 187 + 419?
5a5
In base 9, what is 5 - -21575?
21581
In base 5, what is 1303 - 120323?
-114020
In base 11, what is 161780 - -12?
161792
In base 8, what is 14047 + 16?
14065
In base 4, what is 32022 + 2?
32030
In base 10, what is -4057 - 667?
-4724
In base 5, what is -141 + -4120104?
-4120300
In base 2, what is -1110 - 1101111?
-1111101
In base 9, what is 1 - 100400?
-100388
In base 12, what is 1 + 134674?
134675
In base 12, what is 3 - 314b1?
-314aa
In base 13, what is -16 - 35147?
-35160
In base 16, what is -775 + 1a?
-75b
In base 7, what is -1043326 - 0?
-1043326
In base 4, what is -101023 + 10031?
-30332
In base 5, what is -2243331 - 1?
-2243332
In base 5, what is -4 - -12234?
12230
In base 13, what is 115 + -962?
-84a
In base 13, what is -45c + -30?
-48c
In base 16, what is -2 - -14377?
14375
In base 7, what is 311 - 25322?
-25011
In base 12, what is -1 + 125?
124
In base 11, what is 10 + 8478?
8488
In base 10, what is -13 - 7548?
-7561
In base 2, what is -11101110000011 + -1100?
-11101110001111
In base 7, what is -161250 + 5?
-161242
In base 5, what is 1 - 20343322?
-20343321
In base 15, what is -6 - 3036?
-303c
In base 2, what is 110111110 - -111111?
111111101
In base 8, what is 2176 + 55?
2253
In base 9, what is -218264 - 4?
-218268
In base 4, what is 10330102332 - -11?
10330103003
In base 8, what is 14 + -36025?
-36011
In base 7, what is 6643 - -12?
6655
In base 10, what is -87086 - 0?
-87086
In base 3, what is -11102110010 + 10?
-11102110000
In base 7, what is 250 + 50?
330
In base 11, what is -5 + -1003a92?
-1003a97
In base 7, what is -10 - 32040?
-32050
In base 8, what is 2 + -71505?
-71503
In base 15, what is -2 - -1c06c?
1c06a
In base 6, what is -21 - 10053?
-10114
In base 13, what is 46334 + -5?
4632c
In base 2, what is 11 + 1011000101110010?
1011000101110101
In base 5, what is -2 - -3131201?
3131144
In base 12, what is 2a07 - -10?
2a17
In base 15, what is 1e7 + -12?
1d5
In base 5, what is 4001422 - -41?
4002013
In base 13, what is -c - -84020?
84011
In base 9, what is -127 - 5636?
-5764
In base 8, what is -3005730 + 6?
-3005722
In base 6, what is 1 - 210122?
-210121
In base 13, what is -52c - -801?
2a2
In base 3, what is 120100 - -100102?
220202
In base 14, what is -4bc + -5b?
-539
In base 7, what is 1111136 - 2?
1111134
In base 10, what is 19 - -49409?
49428
In base 6, what is -32 - 13041?
-13113
In base 11, what is -17 - 8151?
-8168
In base 11, what is 852 - 3637?
-2895
In base 15, what is -6655a + 5?
-66555
In base 10, what is 15594 - -5?
15599
In base 4, what is 2011 + 10010211?
10012222
In base 16, what is 4 - -686d?
6871
In base 14, what is -1900 + -5?
-1905
In base 15, what is -ab0 + -1d?
-acd
In base 16, what is -1456 + 133?
-1323
In base 12, what is 1a70 + -131?
193b
In base 15, what is -5 + -1b594?
-1b599
In base 12, what is -30b - 65?
-374
In base 4, what is 2220312 - -203?
2221121
In base 10, what is 4 + 262264?
262268
In base 13, what is -20 + 6b55?
6b35
In base 15, what is -2bd0 - 0?
-2bd0
In base 13, what is 234 - 1624?
-13c0
In base 2, what is -10 - -1000010111010110?
1000010111010100
In base 3, what is 22201211 - -11?
22201222
In base 5, what is 12133311 + 2?
12133313
In base 2, what is 10000